{"id":264,"date":"2012-08-27T10:39:10","date_gmt":"2012-08-27T08:39:10","guid":{"rendered":"http:\/\/www.farbfoto.ch\/?page_id=264"},"modified":"2015-11-01T21:29:27","modified_gmt":"2015-11-01T20:29:27","slug":"fotostudio-workshop","status":"publish","type":"page","link":"http:\/\/www.farbfoto.ch\/?page_id=264","title":{"rendered":"Fotostudio-Workshop"},"content":{"rendered":"<p><strong>Fotoworkshops<\/strong><\/p>\n<p>Fotograf Christian Reding und MUS-Redaktor <span style=\"text-decoration: underline;\"><a href=\"http:\/\/www.discorsi.ch\/\">Graziano Orsi<\/a> <\/span>organisierten 2013 Fotoworkshops zum Thema \u201eStudiofotografie f\u00fcr Einsteiger\/innen\u201c im professionell eingerichteten Fotostudio &#8222;Labor6&#8220; in Volketswil. Bis auf Weiteres liegen solche Kurse leider aus zeitlichen Gr\u00fcnden nicht mehr drin. Sollte sich aber eine Gruppe finden, welche im Profi-Fotostudio &#8222;Labor6&#8220; begleitet durch Christian Reding die Studio-Grundlagen erlernen m\u00f6chte, so melde sich diese bitte via unten stehendem Link. F\u00fcr spezifische NIKON Kamerakurse empfehlen sich \u00fcbrigens die Spezialkurse\u00a0<a href=\"https:\/\/school.nikon.ch\/de\/kursleiter\/Christian-Reding\" target=\"_blank\">NikonSchool.ch<\/a>.<\/p>\n<p><strong>Durchf\u00fchrungsort<\/strong><br \/>\nFotostudio \u201eLabor 6\u201c, Volketswil (<a href=\"http:\/\/www.labor6.ch\/\">www.labor6.ch<\/a>)<\/p>\n<p><strong>Teilnehmerzahl<\/strong><br \/>\nVier bis maximal sechs Personen<\/p>\n<p><strong>Kosten<\/strong><br \/>\nab CHF 300.- pro Person (exkl. Mittagessen)<\/p>\n<p><strong>Mitbringen<\/strong><br \/>\nEigene digitale Spiegelreflex- oder Systemkamera mit Blitzbuchse 0der Standard-Blitzschuh.<\/p>\n<p><strong>Voraussetzungen<\/strong><br \/>\nFreude und Interesse an der Fotografie<strong><\/strong><\/p>\n<p>&nbsp;<\/p>\n<p><strong><span style=\"color: #ff0000;\">Interesse anmelden kann man ab sofort <a title=\"Anmeldelink\" href=\"http:\/\/www.farbfoto.ch\/?page_id=5\" target=\"_blank\"><span style=\"color: #ff0000;\">hier<\/span><\/a>.<\/span><\/strong><\/p>\n<p>&nbsp;<\/p>\n<p><strong>Einige Impressionen aus dem ersten Studio-Workshop gibt&#8217;s hier:<\/strong><\/p>\n<p><strong>[nggallery id=1]<\/strong><\/p>\n","protected":false},"excerpt":{"rendered":"<p>Fotoworkshops Fotograf Christian Reding und MUS-Redaktor Graziano Orsi organisierten 2013 Fotoworkshops zum Thema \u201eStudiofotografie f\u00fcr Einsteiger\/innen\u201c im professionell eingerichteten Fotostudio &#8222;Labor6&#8220; in Volketswil. Bis auf Weiteres liegen solche Kurse leider aus zeitlichen Gr\u00fcnden nicht mehr drin. Sollte sich aber eine Gruppe finden, welche im Profi-Fotostudio &#8222;Labor6&#8220; begleitet durch Christian Reding die Studio-Grundlagen erlernen m\u00f6chte, so &hellip; <\/p>\n<p class=\"link-more\"><a href=\"http:\/\/www.farbfoto.ch\/?page_id=264\" class=\"more-link\"><span class=\"screen-reader-text\">\u201eFotostudio-Workshop\u201c<\/span> weiterlesen<\/a><\/p>\n","protected":false},"author":1,"featured_media":274,"parent":0,"menu_order":0,"comment_status":"open","ping_status":"open","template":"template-text-img.php","meta":{"footnotes":""},"class_list":["post-264","page","type-page","status-publish","has-post-thumbnail","hentry"],"_links":{"self":[{"href":"http:\/\/www.farbfoto.ch\/index.php?rest_route=\/wp\/v2\/pages\/264","targetHints":{"allow":["GET"]}}],"collection":[{"href":"http:\/\/www.farbfoto.ch\/index.php?rest_route=\/wp\/v2\/pages"}],"about":[{"href":"http:\/\/www.farbfoto.ch\/index.php?rest_route=\/wp\/v2\/types\/page"}],"author":[{"embeddable":true,"href":"http:\/\/www.farbfoto.ch\/index.php?rest_route=\/wp\/v2\/users\/1"}],"replies":[{"embeddable":true,"href":"http:\/\/www.farbfoto.ch\/index.php?rest_route=%2Fwp%2Fv2%2Fcomments&post=264"}],"version-history":[{"count":22,"href":"http:\/\/www.farbfoto.ch\/index.php?rest_route=\/wp\/v2\/pages\/264\/revisions"}],"predecessor-version":[{"id":444,"href":"http:\/\/www.farbfoto.ch\/index.php?rest_route=\/wp\/v2\/pages\/264\/revisions\/444"}],"wp:featuredmedia":[{"embeddable":true,"href":"http:\/\/www.farbfoto.ch\/index.php?rest_route=\/wp\/v2\/media\/274"}],"wp:attachment":[{"href":"http:\/\/www.farbfoto.ch\/index.php?rest_route=%2Fwp%2Fv2%2Fmedia&parent=264"}],"curies":[{"name":"wp","href":"https:\/\/api.w.org\/{rel}","templated":true}]}}