{"id":831,"date":"2020-05-27T14:36:37","date_gmt":"2020-05-27T12:36:37","guid":{"rendered":"http:\/\/www.farbfoto.ch\/?page_id=831"},"modified":"2020-05-27T14:36:37","modified_gmt":"2020-05-27T12:36:37","slug":"buehne","status":"publish","type":"page","link":"https:\/\/www.farbfoto.ch\/?page_id=831","title":{"rendered":"B\u00fchne"},"content":{"rendered":"\n<ul class=\"wp-block-gallery columns-3 is-cropped wp-block-gallery-1 is-layout-flex wp-block-gallery-is-layout-flex\"><li class=\"blocks-gallery-item\"><figure><img loading=\"lazy\" decoding=\"async\" width=\"1024\" height=\"1024\" src=\"http:\/\/www.farbfoto.ch\/wp-content\/uploads\/2020\/05\/180804_Werdinselopenair_7603-insta-1024x1024.jpg\" alt=\"\" data-id=\"832\" data-link=\"http:\/\/www.farbfoto.ch\/?attachment_id=832\" class=\"wp-image-832\" srcset=\"https:\/\/www.farbfoto.ch\/wp-content\/uploads\/2020\/05\/180804_Werdinselopenair_7603-insta-1024x1024.jpg 1024w, https:\/\/www.farbfoto.ch\/wp-content\/uploads\/2020\/05\/180804_Werdinselopenair_7603-insta-150x150.jpg 150w, https:\/\/www.farbfoto.ch\/wp-content\/uploads\/2020\/05\/180804_Werdinselopenair_7603-insta-300x300.jpg 300w, https:\/\/www.farbfoto.ch\/wp-content\/uploads\/2020\/05\/180804_Werdinselopenair_7603-insta-768x768.jpg 768w, https:\/\/www.farbfoto.ch\/wp-content\/uploads\/2020\/05\/180804_Werdinselopenair_7603-insta-100x100.jpg 100w, https:\/\/www.farbfoto.ch\/wp-content\/uploads\/2020\/05\/180804_Werdinselopenair_7603-insta.jpg 1280w\" sizes=\"auto, (max-width: 706px) 89vw, (max-width: 767px) 82vw, 740px\" \/><\/figure><\/li><li class=\"blocks-gallery-item\"><figure><img loading=\"lazy\" decoding=\"async\" width=\"1024\" height=\"1024\" src=\"http:\/\/www.farbfoto.ch\/wp-content\/uploads\/2020\/05\/180804_Werdinselopenair_7435-insta-1024x1024.jpg\" alt=\"\" data-id=\"833\" data-link=\"http:\/\/www.farbfoto.ch\/?attachment_id=833\" class=\"wp-image-833\" srcset=\"https:\/\/www.farbfoto.ch\/wp-content\/uploads\/2020\/05\/180804_Werdinselopenair_7435-insta-1024x1024.jpg 1024w, https:\/\/www.farbfoto.ch\/wp-content\/uploads\/2020\/05\/180804_Werdinselopenair_7435-insta-150x150.jpg 150w, https:\/\/www.farbfoto.ch\/wp-content\/uploads\/2020\/05\/180804_Werdinselopenair_7435-insta-300x300.jpg 300w, https:\/\/www.farbfoto.ch\/wp-content\/uploads\/2020\/05\/180804_Werdinselopenair_7435-insta-768x768.jpg 768w, https:\/\/www.farbfoto.ch\/wp-content\/uploads\/2020\/05\/180804_Werdinselopenair_7435-insta-100x100.jpg 100w, https:\/\/www.farbfoto.ch\/wp-content\/uploads\/2020\/05\/180804_Werdinselopenair_7435-insta.jpg 1280w\" sizes=\"auto, (max-width: 706px) 89vw, (max-width: 767px) 82vw, 740px\" \/><\/figure><\/li><li class=\"blocks-gallery-item\"><figure><img loading=\"lazy\" decoding=\"async\" width=\"1024\" height=\"1024\" src=\"http:\/\/www.farbfoto.ch\/wp-content\/uploads\/2020\/05\/180804_Werdinselopenair_6888-insta-1024x1024.jpg\" alt=\"\" data-id=\"834\" data-link=\"http:\/\/www.farbfoto.ch\/?attachment_id=834\" class=\"wp-image-834\" srcset=\"https:\/\/www.farbfoto.ch\/wp-content\/uploads\/2020\/05\/180804_Werdinselopenair_6888-insta-1024x1024.jpg 1024w, https:\/\/www.farbfoto.ch\/wp-content\/uploads\/2020\/05\/180804_Werdinselopenair_6888-insta-150x150.jpg 150w, https:\/\/www.farbfoto.ch\/wp-content\/uploads\/2020\/05\/180804_Werdinselopenair_6888-insta-300x300.jpg 300w, https:\/\/www.farbfoto.ch\/wp-content\/uploads\/2020\/05\/180804_Werdinselopenair_6888-insta-768x768.jpg 768w, https:\/\/www.farbfoto.ch\/wp-content\/uploads\/2020\/05\/180804_Werdinselopenair_6888-insta-100x100.jpg 100w, https:\/\/www.farbfoto.ch\/wp-content\/uploads\/2020\/05\/180804_Werdinselopenair_6888-insta.jpg 1280w\" sizes=\"auto, (max-width: 706px) 89vw, (max-width: 767px) 82vw, 740px\" \/><\/figure><\/li><li class=\"blocks-gallery-item\"><figure><img loading=\"lazy\" decoding=\"async\" width=\"1024\" height=\"683\" src=\"http:\/\/www.farbfoto.ch\/wp-content\/uploads\/2020\/05\/180804_Werdinselopenair_6930-1024x683.jpg\" alt=\"\" data-id=\"835\" data-link=\"http:\/\/www.farbfoto.ch\/?attachment_id=835\" class=\"wp-image-835\" srcset=\"https:\/\/www.farbfoto.ch\/wp-content\/uploads\/2020\/05\/180804_Werdinselopenair_6930-1024x683.jpg 1024w, https:\/\/www.farbfoto.ch\/wp-content\/uploads\/2020\/05\/180804_Werdinselopenair_6930-300x200.jpg 300w, https:\/\/www.farbfoto.ch\/wp-content\/uploads\/2020\/05\/180804_Werdinselopenair_6930-768x512.jpg 768w\" sizes=\"auto, (max-width: 706px) 89vw, (max-width: 767px) 82vw, 740px\" \/><\/figure><\/li><li class=\"blocks-gallery-item\"><figure><img loading=\"lazy\" decoding=\"async\" width=\"683\" height=\"1024\" src=\"http:\/\/www.farbfoto.ch\/wp-content\/uploads\/2020\/05\/180804_Werdinselopenair_6939-683x1024.jpg\" alt=\"\" data-id=\"836\" data-link=\"http:\/\/www.farbfoto.ch\/?attachment_id=836\" class=\"wp-image-836\" srcset=\"https:\/\/www.farbfoto.ch\/wp-content\/uploads\/2020\/05\/180804_Werdinselopenair_6939-683x1024.jpg 683w, https:\/\/www.farbfoto.ch\/wp-content\/uploads\/2020\/05\/180804_Werdinselopenair_6939-200x300.jpg 200w, https:\/\/www.farbfoto.ch\/wp-content\/uploads\/2020\/05\/180804_Werdinselopenair_6939-768x1152.jpg 768w\" sizes=\"auto, (max-width: 683px) 100vw, 683px\" \/><\/figure><\/li><li class=\"blocks-gallery-item\"><figure><img loading=\"lazy\" decoding=\"async\" width=\"1024\" height=\"683\" src=\"http:\/\/www.farbfoto.ch\/wp-content\/uploads\/2020\/05\/180804_Werdinselopenair_6952-1024x683.jpg\" alt=\"\" data-id=\"837\" data-link=\"http:\/\/www.farbfoto.ch\/?attachment_id=837\" class=\"wp-image-837\" srcset=\"https:\/\/www.farbfoto.ch\/wp-content\/uploads\/2020\/05\/180804_Werdinselopenair_6952-1024x683.jpg 1024w, https:\/\/www.farbfoto.ch\/wp-content\/uploads\/2020\/05\/180804_Werdinselopenair_6952-300x200.jpg 300w, https:\/\/www.farbfoto.ch\/wp-content\/uploads\/2020\/05\/180804_Werdinselopenair_6952-768x512.jpg 768w\" sizes=\"auto, (max-width: 706px) 89vw, (max-width: 767px) 82vw, 740px\" \/><\/figure><\/li><li class=\"blocks-gallery-item\"><figure><img loading=\"lazy\" decoding=\"async\" width=\"1024\" height=\"683\" src=\"http:\/\/www.farbfoto.ch\/wp-content\/uploads\/2020\/05\/180804_Werdinselopenair_7200-1024x683.jpg\" alt=\"\" data-id=\"838\" data-link=\"http:\/\/www.farbfoto.ch\/?attachment_id=838\" class=\"wp-image-838\" srcset=\"https:\/\/www.farbfoto.ch\/wp-content\/uploads\/2020\/05\/180804_Werdinselopenair_7200-1024x683.jpg 1024w, https:\/\/www.farbfoto.ch\/wp-content\/uploads\/2020\/05\/180804_Werdinselopenair_7200-300x200.jpg 300w, https:\/\/www.farbfoto.ch\/wp-content\/uploads\/2020\/05\/180804_Werdinselopenair_7200-768x512.jpg 768w\" sizes=\"auto, (max-width: 706px) 89vw, (max-width: 767px) 82vw, 740px\" \/><\/figure><\/li><li class=\"blocks-gallery-item\"><figure><img loading=\"lazy\" decoding=\"async\" width=\"1024\" height=\"683\" src=\"http:\/\/www.farbfoto.ch\/wp-content\/uploads\/2020\/05\/180804_Werdinselopenair_7406-1024x683.jpg\" alt=\"\" data-id=\"839\" data-link=\"http:\/\/www.farbfoto.ch\/?attachment_id=839\" class=\"wp-image-839\" srcset=\"https:\/\/www.farbfoto.ch\/wp-content\/uploads\/2020\/05\/180804_Werdinselopenair_7406-1024x683.jpg 1024w, https:\/\/www.farbfoto.ch\/wp-content\/uploads\/2020\/05\/180804_Werdinselopenair_7406-300x200.jpg 300w, https:\/\/www.farbfoto.ch\/wp-content\/uploads\/2020\/05\/180804_Werdinselopenair_7406-768x512.jpg 768w\" sizes=\"auto, (max-width: 706px) 89vw, (max-width: 767px) 82vw, 740px\" \/><\/figure><\/li><li class=\"blocks-gallery-item\"><figure><img loading=\"lazy\" decoding=\"async\" width=\"1024\" height=\"683\" src=\"http:\/\/www.farbfoto.ch\/wp-content\/uploads\/2020\/05\/180803_Werdinselopenair_6727-1024x683.jpg\" alt=\"\" data-id=\"840\" data-link=\"http:\/\/www.farbfoto.ch\/?attachment_id=840\" class=\"wp-image-840\" srcset=\"https:\/\/www.farbfoto.ch\/wp-content\/uploads\/2020\/05\/180803_Werdinselopenair_6727-1024x683.jpg 1024w, https:\/\/www.farbfoto.ch\/wp-content\/uploads\/2020\/05\/180803_Werdinselopenair_6727-300x200.jpg 300w, https:\/\/www.farbfoto.ch\/wp-content\/uploads\/2020\/05\/180803_Werdinselopenair_6727-768x512.jpg 768w\" sizes=\"auto, (max-width: 706px) 89vw, (max-width: 767px) 82vw, 740px\" \/><\/figure><\/li><\/ul>\n\n\n\n<p><\/p>\n\n\n\n<p><strong>Werdinsel Openair Z\u00fcrich<br><\/strong>Ehrlich gesagt weiss ich nicht mehr, wann ich zum ersten Mal mit meiner Kamera am Werdinsel-Openair in H\u00f6ngg gewesen bin. So ungef\u00e4hr vor f\u00fcnfzehn Jahren vielleicht? Es ist auf alle F\u00e4lle festzustellen, dass eines bei diesem Openair nach all den Jahren noch immer gleich ist: die Begeisterung und die Motivation des OK&#8217;s und der zahlreichen Helfer. Ernste Mienen sind eine Seltenheit, auftretende Herausforderungen werden gemeinsam gemeistert und sogar ein Stromausfall wie es ihn dieses Jahr gegeben hat l\u00e4sst niemanden in Panik verzweifeln. Naja, ein paar Extra-Schweissperlen hat das Blackout bestimmt gefordert aber auch diese konnten nach ein paar bangen Minuten der Ungewissheit erleichtert abgewischt werden. Oder war das etwa gar kein Schweiss sondern nur ein paar der harmlosen Regentropfen? Denn auch das Wetter wurde vom Publikum und den Machern des Openairs im besten Falle zur Kenntnis genommen &#8211; die starke Musikwahl und die sehr gute Stimmung \u00fcberwog Petrus&#8216; Gr\u00fcsse bei weitem.<\/p>\n\n\n\n<p>Wenn es dann in zwei Jahren wieder soweit ist, werde ich bestimmt wieder mit dabei sein. Nicht zuletzt auch deshalb, weil das &#8222;Werdinsleopenair&#8220; f\u00fcr einen Exil-H\u00f6ngger wie ich es bin eine sch\u00f6ne Gelegenheit ist, ehemalige Schuelgsp\u00e4nli und andere l\u00e4ngst aus den Augen verlorene Jugenfreunde zu treffen. In diesem Sinne ein herzliches &#8222;M\u00e4ssi!&#8220; an alle (notabene ehrenamtliche!) Insulaner &#8211; ich freue mich auf n\u00e4chstes Mal!<\/p>\n","protected":false},"excerpt":{"rendered":"<p>Werdinsel Openair Z\u00fcrichEhrlich gesagt weiss ich nicht mehr, wann ich zum ersten Mal mit meiner Kamera am Werdinsel-Openair in H\u00f6ngg gewesen bin. So ungef\u00e4hr vor f\u00fcnfzehn Jahren vielleicht? Es ist auf alle F\u00e4lle festzustellen, dass eines bei diesem Openair nach all den Jahren noch immer gleich ist: die Begeisterung und die Motivation des OK&#8217;s und &hellip; <\/p>\n<p class=\"link-more\"><a href=\"https:\/\/www.farbfoto.ch\/?page_id=831\" class=\"more-link\"><span class=\"screen-reader-text\">\u201eB\u00fchne\u201c<\/span> weiterlesen<\/a><\/p>\n","protected":false},"author":1,"featured_media":455,"parent":0,"menu_order":0,"comment_status":"closed","ping_status":"closed","template":"","meta":{"footnotes":""},"class_list":["post-831","page","type-page","status-publish","has-post-thumbnail","hentry"],"_links":{"self":[{"href":"https:\/\/www.farbfoto.ch\/index.php?rest_route=\/wp\/v2\/pages\/831","targetHints":{"allow":["GET"]}}],"collection":[{"href":"https:\/\/www.farbfoto.ch\/index.php?rest_route=\/wp\/v2\/pages"}],"about":[{"href":"https:\/\/www.farbfoto.ch\/index.php?rest_route=\/wp\/v2\/types\/page"}],"author":[{"embeddable":true,"href":"https:\/\/www.farbfoto.ch\/index.php?rest_route=\/wp\/v2\/users\/1"}],"replies":[{"embeddable":true,"href":"https:\/\/www.farbfoto.ch\/index.php?rest_route=%2Fwp%2Fv2%2Fcomments&post=831"}],"version-history":[{"count":1,"href":"https:\/\/www.farbfoto.ch\/index.php?rest_route=\/wp\/v2\/pages\/831\/revisions"}],"predecessor-version":[{"id":843,"href":"https:\/\/www.farbfoto.ch\/index.php?rest_route=\/wp\/v2\/pages\/831\/revisions\/843"}],"wp:featuredmedia":[{"embeddable":true,"href":"https:\/\/www.farbfoto.ch\/index.php?rest_route=\/wp\/v2\/media\/455"}],"wp:attachment":[{"href":"https:\/\/www.farbfoto.ch\/index.php?rest_route=%2Fwp%2Fv2%2Fmedia&parent=831"}],"curies":[{"name":"wp","href":"https:\/\/api.w.org\/{rel}","templated":true}]}}

Bühne

<ul class="wp-block-gallery columns-3 is-cropped wp-block-gallery-1 is-layout-flex wp-block-gallery-is-layout-flex"><li class="blocks-gallery-item"><figure><img loading="lazy" decoding="async" width="1024" height="1024" src="http://www.farbfoto.ch/wp-content/uploads/2020/05/180804_Werdinselopenair_7603-insta-1024x1024.jpg" alt="" data-id="832" data-link="http://www.farbfoto.ch/?attachment_id=832" class="wp-image-832" srcset="https://www.farbfoto.ch/wp-content/uploads/2020/05/180804_Werdinselopenair_7603-insta-1024x1024.jpg 1024w, https://www.farbfoto.ch/wp-content/uploads/2020/05/180804_Werdinselopenair_7603-insta-150x150.jpg 150w, https://www.farbfoto.ch/wp-content/uploads/2020/05/180804_Werdinselopenair_7603-insta-300x300.jpg 300w, https://www.farbfoto.ch/wp-content/uploads/2020/05/180804_Werdinselopenair_7603-insta-768x768.jpg 768w, https://www.farbfoto.ch/wp-content/uploads/2020/05/180804_Werdinselopenair_7603-insta-100x100.jpg 100w, https://www.farbfoto.ch/wp-content/uploads/2020/05/180804_Werdinselopenair_7603-insta.jpg 1280w" sizes="auto, (max-width: 706px) 89vw, (max-width: 767px) 82vw, 740px" /></figure></li><li class="blocks-gallery-item"><figure><img loading="lazy" decoding="async" width="1024" height="1024" src="http://www.farbfoto.ch/wp-content/uploads/2020/05/180804_Werdinselopenair_7435-insta-1024x1024.jpg" alt="" data-id="833" data-link="http://www.farbfoto.ch/?attachment_id=833" class="wp-image-833" srcset="https://www.farbfoto.ch/wp-content/uploads/2020/05/180804_Werdinselopenair_7435-insta-1024x1024.jpg 1024w, https://www.farbfoto.ch/wp-content/uploads/2020/05/180804_Werdinselopenair_7435-insta-150x150.jpg 150w, https://www.farbfoto.ch/wp-content/uploads/2020/05/180804_Werdinselopenair_7435-insta-300x300.jpg 300w, https://www.farbfoto.ch/wp-content/uploads/2020/05/180804_Werdinselopenair_7435-insta-768x768.jpg 768w, https://www.farbfoto.ch/wp-content/uploads/2020/05/180804_Werdinselopenair_7435-insta-100x100.jpg 100w, https://www.farbfoto.ch/wp-content/uploads/2020/05/180804_Werdinselopenair_7435-insta.jpg 1280w" sizes="auto, (max-width: 706px) 89vw, (max-width: 767px) 82vw, 740px" /></figure></li><li class="blocks-gallery-item"><figure><img loading="lazy" decoding="async" width="1024" height="1024" src="http://www.farbfoto.ch/wp-content/uploads/2020/05/180804_Werdinselopenair_6888-insta-1024x1024.jpg" alt="" data-id="834" data-link="http://www.farbfoto.ch/?attachment_id=834" class="wp-image-834" srcset="https://www.farbfoto.ch/wp-content/uploads/2020/05/180804_Werdinselopenair_6888-insta-1024x1024.jpg 1024w, https://www.farbfoto.ch/wp-content/uploads/2020/05/180804_Werdinselopenair_6888-insta-150x150.jpg 150w, https://www.farbfoto.ch/wp-content/uploads/2020/05/180804_Werdinselopenair_6888-insta-300x300.jpg 300w, https://www.farbfoto.ch/wp-content/uploads/2020/05/180804_Werdinselopenair_6888-insta-768x768.jpg 768w, https://www.farbfoto.ch/wp-content/uploads/2020/05/180804_Werdinselopenair_6888-insta-100x100.jpg 100w, https://www.farbfoto.ch/wp-content/uploads/2020/05/180804_Werdinselopenair_6888-insta.jpg 1280w" sizes="auto, (max-width: 706px) 89vw, (max-width: 767px) 82vw, 740px" /></figure></li><li class="blocks-gallery-item"><figure><img loading="lazy" decoding="async" width="1024" height="683" src="http://www.farbfoto.ch/wp-content/uploads/2020/05/180804_Werdinselopenair_6930-1024x683.jpg" alt="" data-id="835" data-link="http://www.farbfoto.ch/?attachment_id=835" class="wp-image-835" srcset="https://www.farbfoto.ch/wp-content/uploads/2020/05/180804_Werdinselopenair_6930-1024x683.jpg 1024w, https://www.farbfoto.ch/wp-content/uploads/2020/05/180804_Werdinselopenair_6930-300x200.jpg 300w, https://www.farbfoto.ch/wp-content/uploads/2020/05/180804_Werdinselopenair_6930-768x512.jpg 768w" sizes="auto, (max-width: 706px) 89vw, (max-width: 767px) 82vw, 740px" /></figure></li><li class="blocks-gallery-item"><figure><img loading="lazy" decoding="async" width="683" height="1024" src="http://www.farbfoto.ch/wp-content/uploads/2020/05/180804_Werdinselopenair_6939-683x1024.jpg" alt="" data-id="836" data-link="http://www.farbfoto.ch/?attachment_id=836" class="wp-image-836" srcset="https://www.farbfoto.ch/wp-content/uploads/2020/05/180804_Werdinselopenair_6939-683x1024.jpg 683w, https://www.farbfoto.ch/wp-content/uploads/2020/05/180804_Werdinselopenair_6939-200x300.jpg 200w, https://www.farbfoto.ch/wp-content/uploads/2020/05/180804_Werdinselopenair_6939-768x1152.jpg 768w" sizes="auto, (max-width: 683px) 100vw, 683px" /></figure></li><li class="blocks-gallery-item"><figure><img loading="lazy" decoding="async" width="1024" height="683" src="http://www.farbfoto.ch/wp-content/uploads/2020/05/180804_Werdinselopenair_6952-1024x683.jpg" alt="" data-id="837" data-link="http://www.farbfoto.ch/?attachment_id=837" class="wp-image-837" srcset="https://www.farbfoto.ch/wp-content/uploads/2020/05/180804_Werdinselopenair_6952-1024x683.jpg 1024w, https://www.farbfoto.ch/wp-content/uploads/2020/05/180804_Werdinselopenair_6952-300x200.jpg 300w, https://www.farbfoto.ch/wp-content/uploads/2020/05/180804_Werdinselopenair_6952-768x512.jpg 768w" sizes="auto, (max-width: 706px) 89vw, (max-width: 767px) 82vw, 740px" /></figure></li><li class="blocks-gallery-item"><figure><img loading="lazy" decoding="async" width="1024" height="683" src="http://www.farbfoto.ch/wp-content/uploads/2020/05/180804_Werdinselopenair_7200-1024x683.jpg" alt="" data-id="838" data-link="http://www.farbfoto.ch/?attachment_id=838" class="wp-image-838" srcset="https://www.farbfoto.ch/wp-content/uploads/2020/05/180804_Werdinselopenair_7200-1024x683.jpg 1024w, https://www.farbfoto.ch/wp-content/uploads/2020/05/180804_Werdinselopenair_7200-300x200.jpg 300w, https://www.farbfoto.ch/wp-content/uploads/2020/05/180804_Werdinselopenair_7200-768x512.jpg 768w" sizes="auto, (max-width: 706px) 89vw, (max-width: 767px) 82vw, 740px" /></figure></li><li class="blocks-gallery-item"><figure><img loading="lazy" decoding="async" width="1024" height="683" src="http://www.farbfoto.ch/wp-content/uploads/2020/05/180804_Werdinselopenair_7406-1024x683.jpg" alt="" data-id="839" data-link="http://www.farbfoto.ch/?attachment_id=839" class="wp-image-839" srcset="https://www.farbfoto.ch/wp-content/uploads/2020/05/180804_Werdinselopenair_7406-1024x683.jpg 1024w, https://www.farbfoto.ch/wp-content/uploads/2020/05/180804_Werdinselopenair_7406-300x200.jpg 300w, https://www.farbfoto.ch/wp-content/uploads/2020/05/180804_Werdinselopenair_7406-768x512.jpg 768w" sizes="auto, (max-width: 706px) 89vw, (max-width: 767px) 82vw, 740px" /></figure></li><li class="blocks-gallery-item"><figure><img loading="lazy" decoding="async" width="1024" height="683" src="http://www.farbfoto.ch/wp-content/uploads/2020/05/180803_Werdinselopenair_6727-1024x683.jpg" alt="" data-id="840" data-link="http://www.farbfoto.ch/?attachment_id=840" class="wp-image-840" srcset="https://www.farbfoto.ch/wp-content/uploads/2020/05/180803_Werdinselopenair_6727-1024x683.jpg 1024w, https://www.farbfoto.ch/wp-content/uploads/2020/05/180803_Werdinselopenair_6727-300x200.jpg 300w, https://www.farbfoto.ch/wp-content/uploads/2020/05/180803_Werdinselopenair_6727-768x512.jpg 768w" sizes="auto, (max-width: 706px) 89vw, (max-width: 767px) 82vw, 740px" /></figure></li></ul>



<p></p>



<p><strong>Werdinsel Openair Zürich<br></strong>Ehrlich gesagt weiss ich nicht mehr, wann ich zum ersten Mal mit meiner Kamera am Werdinsel-Openair in Höngg gewesen bin. So ungefähr vor fünfzehn Jahren vielleicht? Es ist auf alle Fälle festzustellen, dass eines bei diesem Openair nach all den Jahren noch immer gleich ist: die Begeisterung und die Motivation des OK&#8217;s und der zahlreichen Helfer. Ernste Mienen sind eine Seltenheit, auftretende Herausforderungen werden gemeinsam gemeistert und sogar ein Stromausfall wie es ihn dieses Jahr gegeben hat lässt niemanden in Panik verzweifeln. Naja, ein paar Extra-Schweissperlen hat das Blackout bestimmt gefordert aber auch diese konnten nach ein paar bangen Minuten der Ungewissheit erleichtert abgewischt werden. Oder war das etwa gar kein Schweiss sondern nur ein paar der harmlosen Regentropfen? Denn auch das Wetter wurde vom Publikum und den Machern des Openairs im besten Falle zur Kenntnis genommen &#8211; die starke Musikwahl und die sehr gute Stimmung überwog Petrus&#8216; Grüsse bei weitem.</p>



<p>Wenn es dann in zwei Jahren wieder soweit ist, werde ich bestimmt wieder mit dabei sein. Nicht zuletzt auch deshalb, weil das &#8222;Werdinsleopenair&#8220; für einen Exil-Höngger wie ich es bin eine schöne Gelegenheit ist, ehemalige Schuelgspänli und andere längst aus den Augen verlorene Jugenfreunde zu treffen. In diesem Sinne ein herzliches &#8222;Mässi!&#8220; an alle (notabene ehrenamtliche!) Insulaner &#8211; ich freue mich auf nächstes Mal!</p>

<p>Werdinsel Openair ZürichEhrlich gesagt weiss ich nicht mehr, wann ich zum ersten Mal mit meiner Kamera am Werdinsel-Openair in Höngg gewesen bin. So ungefähr vor fünfzehn Jahren vielleicht? Es ist auf alle Fälle festzustellen, dass eines bei diesem Openair nach all den Jahren noch immer gleich ist: die Begeisterung und die Motivation des OK&#8217;s und &hellip; </p>
<p class="link-more"><a href="https://www.farbfoto.ch/?page_id=831" class="more-link"><span class="screen-reader-text">„Bühne“</span> weiterlesen</a></p>
